2, 271, 375967
List the prime factors of 2995636357.
7, 23, 18606437
What are the prime factors of 3359677200?
2, 3, 5, 11, 199, 1279
List the prime factors of 132404767.
11, 23, 577, 907
List the prime factors of 259796.
2, 107, 607
List the prime factors of 1648531347.
3, 7129, 77081
List the prime factors of 97990797.
3, 29, 38839
List the prime factors of 47747754.
2, 3, 587, 4519
List the prime factors of 232072070.
2, 5, 23, 821, 1229
List the prime factors of 516575267.
13, 59, 61, 181
What are the prime factors of 2423492152?
2, 23, 149, 88397
What are the prime factors of 32548070?
2, 5, 3254807
List the prime factors of 77631029.
7, 11090147
List the prime factors of 441876737.
401, 1101937
List the prime factors of 9536280.
2, 3, 5, 13, 6113
What are the prime factors of 5791732575?
3, 5, 77223101
List the prime factors of 3647513604.
2, 3, 7, 23, 1887947
What are the prime factors of 1726704148?
2, 13, 59, 139, 4049
What are the prime factors of 86182701?
3, 11, 2611597
What are the prime factors of 1126790175?
3, 5, 7, 17, 191, 661
List the prime factors of 557023711.
557023711
What are the prime factors of 83038859?
83038859
What are the prime factors of 473223855?
3, 5, 13, 2426789
What are the prime factors of 7190556977?
7190556977
What are the prime factors of 612484445?
5, 41, 2987729
List the prime factors of 66778869.
3, 47, 137, 3457
What are the prime factors of 32930451?
3, 179, 20441
List the prime factors of 2934501643.
107, 27425249
What are the prime factors of 1431464108?
2, 2399, 149173
What are the prime factors of 160771538?
2, 7919, 10151
What are the prime factors of 25917890?
2, 5, 103, 25163
List the prime factors of 63009046.
2, 41, 47, 16349
List the prime factors of 247153306.
2, 123576653
List the prime factors of 29912954.
2, 19, 31, 67, 379
List the prime factors of 164963287.
164963287
What are the prime factors of 397446714?
2, 3, 7, 3154339
What are the prime factors of 41195466?
2, 3, 13, 31, 631
List the prime factors of 616449971.
17, 1877, 19319
List the prime factors of 3169110343.
7, 29, 15611381
What are the prime factors of 610128590?
2, 5, 23, 109, 24337
List the prime factors of 809270482.
2, 17, 4679, 5087
List the prime factors of 464893594.
2, 11, 17, 673, 1847
List the prime factors of 3680897418.
2, 3, 11, 37, 6203
What are the prime factors of 58725373?
7, 313, 547
List the prime factors of 453558693.
3, 7, 3863, 5591
What are the prime factors of 147126981?
3, 71, 97, 7121
What are the prime factors of 7712328428?
2, 7, 31, 8885171
List the prime factors of 1484348332.
2, 23, 193, 83597
What are the prime factors of 2751986641?
149, 3371, 5479
What are the prime factors of 3493225315?
5, 37, 137, 137827
What are the prime factors of 3077394878?
2, 1538697439
What are the prime factors of 732266090?
2, 5, 163, 449243
List the prime factors of 1566362380.
2, 5, 11, 7119829
List the prime factors of 20501014.
2, 17, 602971
What are the prime factors of 4030099018?
2, 11, 41, 71, 62929
List the prime factors of 2869086330.
2, 3, 5, 11, 47, 197, 313
What are the prime factors of 884755145?
5, 23, 167, 2003
List the prime factors of 1329745191.
3, 19, 23328863
List the prime factors of 337383759.
3, 112461253
What are the prime factors of 221410917?
3, 7, 13, 270343
What are the prime factors of 2587179528?
2, 3, 109, 36629
List the prime factors of 40316995.
5, 71, 337
List the prime factors of 914266094.
2, 7, 65304721
What are the prime factors of 13888416?
2, 3, 144671
List the prime factors of 245364259.
7, 35052037
What are the prime factors of 780746706?
2, 3, 4027, 10771
What are the prime factors of 2069716919?
13859, 149341
List the prime factors of 81417757.
383, 212579
List the prime factors of 950452965.
3, 5, 7, 11, 274301
What are the prime factors of 46315357?
11, 4210487
List the prime factors of 4084293737.
97, 467, 90163
What are the prime factors of 479053436?
2, 29, 4129771
List the prime factors of 147991725.
3, 5, 7, 31321
List the prime factors of 3026551266.
2, 3, 31, 89, 60943
List the prime factors of 638808670.
2, 5, 23, 83, 109, 307
What are the prime factors of 395981317?
23, 61, 282239
List the prime factors of 96663833.
7, 61, 226379
What are the prime factors of 3226155060?
2, 3, 5, 37, 1453223
What are the prime factors of 2328206999?
2328206999
What are the prime factors of 28457347?
28457347
What are the prime factors of 118447421?
53, 61, 36637
What are the prime factors of 51585133?
19, 2715007
What are the prime factors of 569917784?
2, 71239723
List the prime factors of 427648543.
7, 61092649
What are the prime factors of 190908751?
11, 19, 41, 22279
What are the prime factors of 933643380?
2, 3, 5, 15560723
What are the prime factors of 255913276?
2, 3001, 21319
What are the prime factors of 234836921?
11, 877, 2213
What are the prime factors of 2601922650?
2, 3, 5, 109, 233, 683
List the prime factors of 17404260.
2, 3, 5, 17, 113, 151
List the prime factors of 4860422589.
3, 11, 293, 709
List the prime factors of 383506909.
6043, 63463
List the prime factors of 1115637476.
2, 13127, 21247
What are the prime factors of 246253309?
73, 827, 4079
List the prime factors of 562974625.
5, 4503797
List the prime factors of 51952398.
2, 3, 29, 127, 2351
What are the prime factors of 218812096?
2, 3418939
List the prime factors of 304966389.
3, 7, 13, 61, 18313
List the prime factors of 110036724.
2, 3, 7, 1309961
List the prime factors of 24917864.
2, 79, 89, 443
List the prime factors of 5240993122.
2, 197, 2677, 4969
What are the prime factors of 90084972?
2, 3, 17, 179, 2467
List the prime factors of 46091096.
2, 5761387
List the prime factors of 1088303911.
59, 18445829
What are the prime factors of 89291449?
13, 389, 17657
List the prime factors of 920076347.
653, 1408999
What are the prime factors of 880194103?
677, 1300139
What are the prime factors of 1205853052?
2, 281, 1072823
List the prime factors of 109954102.
2, 19, 67, 2273
What are the prime factors of 196194605?
5, 53, 61, 229
What are the prime factors of 2524060933?
49697, 50789
What are the prime factors of 1913377401?
3, 13, 16353653
What are the prime factors of 25275990?
2, 3, 5, 83, 10151
List the prime factors of 1671560506.
2, 7, 11, 59, 183971
List the prime factors of 60484696.
2, 7560587
List the prime factors of 152171075.
5, 7, 521, 1669
List the prime factors of 36790823.
23, 1599601
What are the prime factors of 1065121578?
2, 3, 59173421
What are the prime factors of 7946529222?
2, 3, 179, 7399003
List the prime factors of 1408822932.
2, 3, 11, 43, 47, 5281
List the prime factors of 52675531.
37, 1423663
What are the prime factors of 2070472904?
2, 258809113
What are the prime factors of 44584951?
44584951
List the prime factors of 849053975.
5, 7, 11, 101, 397
List the prime factors of 404177902.
2, 67, 277, 10889
What are the prime factors of 115611353?
11, 13, 251, 3221
What are the prime factors of 3257310839?
1367, 2382817
What are the prime factors of 326164958?
2, 7, 17, 1039, 1319
List the prime factors of 305714816.
2, 11, 179, 1213
What are the prime factors of 65498694?
2, 3, 10916449
List the prime factors of 83473248.
2, 3, 229, 3797
List the prime factors of 530773887.
3, 7, 101, 251, 997
What are the prime factors of 50953618?
2, 311, 81919
List the prime factors of 35339576.
2, 233, 18959
What are the prime factors of 175212985?
5, 2633, 13309
List the prime factors of 15003618.
2, 3, 7, 357229
What are the prime factors of 2634912757?
179, 14720183
What are the prime factors of 1539341864?
2, 43, 89, 137, 367
List the prime factors of 1689183092.
2, 193, 2188061
List the prime factors of 466807359.
3, 97, 1604149
List the prime factors of 172312482.
2, 3, 19, 83, 18211
What are the prime factors of 197715110?
2, 5, 197, 100363
What are the prime factors of 199668292?
2, 97, 227, 2267
What are the prime factors of 8394556791?
3, 2798185597
What are the prime factors of 1346563643?
1087, 1238789
List the prime factors of 132489081.
3, 29, 41, 4127
List the prime factors of 53192069.
7, 7598867
List the prime factors of 3804393.
3, 53, 71, 337
List the prime factors of 5494223.
7, 31, 3617
List the prime factors of 332180770.
2, 5, 41, 109, 7433
What ar